{"id":773,"date":"2020-03-21T12:16:03","date_gmt":"2020-03-21T12:16:03","guid":{"rendered":"http:\/\/ozelhukukburosu.com\/?page_id=773"},"modified":"2020-03-21T12:16:03","modified_gmt":"2020-03-21T12:16:03","slug":"vatandaslik-hukuku","status":"publish","type":"page","link":"https:\/\/ozelhukukburosu.com\/?page_id=773","title":{"rendered":"VATANDA\u015eLIK HUKUKU"},"content":{"rendered":"<p><strong><em>Vatanda\u015fl\u0131k <\/em><\/strong><strong><em>Hukuku<\/em><\/strong><\/p>\n<p>Uyrukluk, bir ki\u015fi ya da bir \u015feyi devlete ba\u011flayan siyas\u00ee ve hukuk\u00ee ba\u011fd\u0131r. U\u00e7aklar\u0131n, gemilerin ya da t\u00fczel ki\u015filerin bir devletle aralar\u0131nda ger\u00e7ekle\u015fen bu t\u00fcr bir ba\u011f uyrukluk\u00a0olarak adland\u0131r\u0131l\u0131rken, ger\u00e7ek ki\u015filerle (insanlarla) devlet aras\u0131ndaki ba\u011f vatanda\u015fl\u0131k olarak adland\u0131r\u0131l\u0131r. Vatanda\u015fl\u0131k\u00a0ya do\u011fumla kazan\u0131l\u0131r (asli vatanda\u015fl\u0131k); ya da sonradan kazan\u0131l\u0131r (kazan\u0131lm\u0131\u015f vatanda\u015fl\u0131k). Anayasam\u0131za g\u00f6re T\u00fcrk baban\u0131n veya T\u00fcrk anan\u0131n \u00e7ocu\u011fu T\u00fcrkt\u00fcr (AY m. 66).<\/p>\n<p><strong><em>Yabanc\u0131lar Hukuku<\/em><\/strong><\/p>\n<p>Her yabanc\u0131, vatanda\u015flara tan\u0131nan haklardan yararlanamaz. Yabanc\u0131lar\u0131n hangi haklardan yararlanabileceklerini yabanc\u0131lar hukuku inceler. Dar anlamda kanunlar \u00e7at\u0131\u015fmas\u0131, yasama\u00a0yetkisi uyu\u015fmazl\u0131klar\u0131n\u0131 kapsar. Yani bir uyu\u015fmazl\u0131\u011fa hangi devlet kanununun uygulanaca\u011f\u0131n\u0131 g\u00f6sterir. Geni\u015f anlamda kanunlar \u00e7at\u0131\u015fmas\u0131 ise, yarg\u0131\u00a0yetkisi uyu\u015fmazl\u0131klar\u0131n\u0131 da i\u00e7ine al\u0131r, yani bu uyu\u015fmazl\u0131\u011f\u0131n hangi \u00fclkenin mahkemesinde g\u00f6r\u00fclece\u011fi inceleme konusu olur. Uyu\u015fmazl\u0131klar, Ceza\u00a0veya \u0130dare Hukuklar\u0131ndan do\u011fmu\u015fsa kamu hukuku uyu\u015fmazl\u0131\u011f\u0131; Meden\u00ee Kanun, Bor\u00e7lar Kanunu, Ticaret Kanunundan do\u011fmu\u015fsa \u00f6zel Hukuk uyu\u015fmazl\u0131klar\u0131 ad\u0131n\u0131 al\u0131r. Devletler \u00d6zel Hukukunun konusu yaln\u0131z \u00f6zel Hukuk uyu\u015fmazl\u0131klar\u0131d\u0131r.<\/p>\n<p>&nbsp;<\/p>\n<p><a href=\"#_ftnref1\" name=\"_ftn1\"><\/a><\/p>\n","protected":false},"excerpt":{"rendered":"<p>Vatanda\u015fl\u0131k Hukuku Uyrukluk, bir ki\u015fi ya da bir \u015feyi devlete ba\u011flayan siyas\u00ee ve hukuk\u00ee ba\u011fd\u0131r. U\u00e7aklar\u0131n, gemilerin ya da t\u00fczel ki\u015filerin bir devletle aralar\u0131nda ger\u00e7ekle\u015fen bu t\u00fcr bir ba\u011f uyrukluk\u00a0olarak adland\u0131r\u0131l\u0131rken, ger\u00e7ek ki\u015filerle (insanlarla) devlet aras\u0131ndaki ba\u011f vatanda\u015fl\u0131k olarak adland\u0131r\u0131l\u0131r. Vatanda\u015fl\u0131k\u00a0ya do\u011fumla kazan\u0131l\u0131r (asli vatanda\u015fl\u0131k); ya da sonradan kazan\u0131l\u0131r (kazan\u0131lm\u0131\u015f vatanda\u015fl\u0131k). Anayasam\u0131za g\u00f6re T\u00fcrk baban\u0131n&#8230;<\/p>\n","protected":false},"author":1,"featured_media":0,"parent":0,"menu_order":0,"comment_status":"closed","ping_status":"closed","template":"","meta":{"_kad_post_transparent":"","_kad_post_title":"","_kad_post_layout":"","_kad_post_sidebar_id":"","_kad_post_content_style":"","_kad_post_vertical_padding":"","_kad_post_feature":"","_kad_post_feature_position":"","_kad_post_header":false,"_kad_post_footer":false,"_kad_post_classname":"","footnotes":""},"class_list":["post-773","page","type-page","status-publish","hentry"],"_links":{"self":[{"href":"https:\/\/ozelhukukburosu.com\/index.php?rest_route=\/wp\/v2\/pages\/773","targetHints":{"allow":["GET"]}}],"collection":[{"href":"https:\/\/ozelhukukburosu.com\/index.php?rest_route=\/wp\/v2\/pages"}],"about":[{"href":"https:\/\/ozelhukukburosu.com\/index.php?rest_route=\/wp\/v2\/types\/page"}],"author":[{"embeddable":true,"href":"https:\/\/ozelhukukburosu.com\/index.php?rest_route=\/wp\/v2\/users\/1"}],"replies":[{"embeddable":true,"href":"https:\/\/ozelhukukburosu.com\/index.php?rest_route=%2Fwp%2Fv2%2Fcomments&post=773"}],"version-history":[{"count":1,"href":"https:\/\/ozelhukukburosu.com\/index.php?rest_route=\/wp\/v2\/pages\/773\/revisions"}],"predecessor-version":[{"id":774,"href":"https:\/\/ozelhukukburosu.com\/index.php?rest_route=\/wp\/v2\/pages\/773\/revisions\/774"}],"wp:attachment":[{"href":"https:\/\/ozelhukukburosu.com\/index.php?rest_route=%2Fwp%2Fv2%2Fmedia&parent=773"}],"curies":[{"name":"wp","href":"https:\/\/api.w.org\/{rel}","templated":true}]}}