{"id":766,"date":"2020-03-21T11:59:55","date_gmt":"2020-03-21T11:59:55","guid":{"rendered":"http:\/\/ozelhukukburosu.com\/?page_id=766"},"modified":"2020-03-21T11:59:55","modified_gmt":"2020-03-21T11:59:55","slug":"gayrimenkul-ve-insaat-hukuku","status":"publish","type":"page","link":"https:\/\/ozelhukukburosu.com\/?page_id=766","title":{"rendered":"GAYR\u0130MENKUL VE \u0130N\u015eAAT HUKUKU"},"content":{"rendered":"<p>\u00dclkemiz ekonomisinde b\u00fcy\u00fck bir pay sahibi olan in\u015faat sekt\u00f6r\u00fc \u00fclke i\u00e7erisinde sa\u011flad\u0131\u011f\u0131 katma de\u011fer yan\u0131nda, ba\u015fl\u0131ca ihra\u00e7 kalemlerimiz aras\u0131nda da yer almaktad\u0131r. Sekt\u00f6r\u00fcn s\u00fcrekli olarak bir devinim halinde bulunmas\u0131 ile bu alanda in\u015faat \u015firketleri ile devlet ve arsa sahipleri aras\u0131nda uyu\u015fmazl\u0131klara s\u0131k\u00e7a rastlanmaktad\u0131r. Sekt\u00f6rde ba\u015fl\u0131ca g\u00f6r\u00fclen Yap-\u0130\u015flet-Devret Modeli, Tip Ta\u015feron S\u00f6zle\u015fmeleri, Teknik \u015eartnameler genellikle tek tarafl\u0131 haz\u0131rlanmak ise de imzalanacak s\u00f6zle\u015fmenin risklerini tespit etmek, ilerde ortaya \u00e7\u0131kabilecek uyu\u015fmazl\u0131klar ve \u00e7\u00f6z\u00fcm yollar\u0131na hakim olmak b\u00fcy\u00fck \u00f6nem ta\u015f\u0131maktad\u0131r. Bu kapsamda alan\u0131nda uzman bir avukattan al\u0131nacak hukuki destek ticari faaliyetin devam\u0131 a\u00e7\u0131s\u0131ndan ka\u00e7\u0131n\u0131lmaz olacakt\u0131r.<\/p>\n<p>Gayrimenkul Sat\u0131\u015f Vaadi ve Kat Kar\u015f\u0131l\u0131\u011f\u0131 \u0130n\u015faat S\u00f6zle\u015fmeleri, Uzun Kiralama Kar\u015f\u0131l\u0131\u011f\u0131 \u0130n\u015faat S\u00f6zle\u015fmelerinde ise uygulamada s\u0131k\u00e7a yap\u0131lan standart ve yeterli h\u00fck\u00fcmleri i\u00e7ermeyen s\u00f6zle\u015fmeler nedeniyle hukuki uyu\u015fmazl\u0131klar ortaya \u00e7\u0131kmakta hatta in\u015faatlar verilen y\u00fcr\u00fctmeyi durdurma kararlar\u0131yla ilerleyemez hale gelmektedir.<\/p>\n<p>Bu kapsamda \u00d6zel Hukuk B\u00fcrosu olarak, in\u015faat hukuku alan\u0131nda dan\u0131\u015fmanl\u0131k hizmeti vermekte ve dava takibi yapmaktay\u0131z.<\/p>\n","protected":false},"excerpt":{"rendered":"<p>\u00dclkemiz ekonomisinde b\u00fcy\u00fck bir pay sahibi olan in\u015faat sekt\u00f6r\u00fc \u00fclke i\u00e7erisinde sa\u011flad\u0131\u011f\u0131 katma de\u011fer yan\u0131nda, ba\u015fl\u0131ca ihra\u00e7 kalemlerimiz aras\u0131nda da yer almaktad\u0131r. Sekt\u00f6r\u00fcn s\u00fcrekli olarak bir devinim halinde bulunmas\u0131 ile bu alanda in\u015faat \u015firketleri ile devlet ve arsa sahipleri aras\u0131nda uyu\u015fmazl\u0131klara s\u0131k\u00e7a rastlanmaktad\u0131r. Sekt\u00f6rde ba\u015fl\u0131ca g\u00f6r\u00fclen Yap-\u0130\u015flet-Devret Modeli, Tip Ta\u015feron S\u00f6zle\u015fmeleri, Teknik \u015eartnameler genellikle tek&#8230;<\/p>\n","protected":false},"author":1,"featured_media":0,"parent":0,"menu_order":0,"comment_status":"closed","ping_status":"closed","template":"","meta":{"_kad_post_transparent":"","_kad_post_title":"","_kad_post_layout":"","_kad_post_sidebar_id":"","_kad_post_content_style":"","_kad_post_vertical_padding":"","_kad_post_feature":"","_kad_post_feature_position":"","_kad_post_header":false,"_kad_post_footer":false,"_kad_post_classname":"","footnotes":""},"class_list":["post-766","page","type-page","status-publish","hentry"],"_links":{"self":[{"href":"https:\/\/ozelhukukburosu.com\/index.php?rest_route=\/wp\/v2\/pages\/766","targetHints":{"allow":["GET"]}}],"collection":[{"href":"https:\/\/ozelhukukburosu.com\/index.php?rest_route=\/wp\/v2\/pages"}],"about":[{"href":"https:\/\/ozelhukukburosu.com\/index.php?rest_route=\/wp\/v2\/types\/page"}],"author":[{"embeddable":true,"href":"https:\/\/ozelhukukburosu.com\/index.php?rest_route=\/wp\/v2\/users\/1"}],"replies":[{"embeddable":true,"href":"https:\/\/ozelhukukburosu.com\/index.php?rest_route=%2Fwp%2Fv2%2Fcomments&post=766"}],"version-history":[{"count":1,"href":"https:\/\/ozelhukukburosu.com\/index.php?rest_route=\/wp\/v2\/pages\/766\/revisions"}],"predecessor-version":[{"id":767,"href":"https:\/\/ozelhukukburosu.com\/index.php?rest_route=\/wp\/v2\/pages\/766\/revisions\/767"}],"wp:attachment":[{"href":"https:\/\/ozelhukukburosu.com\/index.php?rest_route=%2Fwp%2Fv2%2Fmedia&parent=766"}],"curies":[{"name":"wp","href":"https:\/\/api.w.org\/{rel}","templated":true}]}}