{"id":1076,"date":"2020-05-09T13:22:43","date_gmt":"2020-05-09T13:22:43","guid":{"rendered":"http:\/\/ozelhukukburosu.com\/?page_id=1076"},"modified":"2020-07-29T17:27:03","modified_gmt":"2020-07-29T17:27:03","slug":"videolarimiz","status":"publish","type":"page","link":"https:\/\/ozelhukukburosu.com\/?page_id=1076","title":{"rendered":"V\u0130DEOLARIMIZ"},"content":{"rendered":"<h1 class=\"title style-scope ytd-video-primary-info-renderer\"><span style=\"font-size: 20px;\">\u00a0 \u00a0 \u00a0 \u00a0 \u00a0CEZA S\u0130STEM\u0130<\/span><\/h1>\n<h1 class=\"title style-scope ytd-video-primary-info-renderer\"><a href=\"https:\/\/www.youtube.com\/watch?v=U5_Mu3Rubyk&amp;feature=youtu.be\"><span style=\"font-size: 20px;\">\u00a0 \u00a0 \u00a0 \u00a0 \u00a0&#8211; Prof. Dr. \u00c7a\u011flar \u00d6zel &#8211; Yarg. 19. C.D. Onursal Ba\u015fkan\u0131 Ramazan \u00d6zkepir &#8211; Ceza Sistemi Sohbeti -1<\/span><\/a><\/h1>\n<h1><a href=\"https:\/\/www.youtube.com\/watch?v=Ew8m0Ym39Mg&amp;feature=youtu.be\"><span style=\"font-size: 20px;\">\u00a0 \u00a0 \u00a0 \u00a0 \u00a0&#8211; Prof. Dr. \u00c7a\u011flar \u00d6zel &#8211; Yarg. 19. C.D. Onursal Ba\u015fkan\u0131 Ramazan \u00d6zkepir &#8211; Ceza Sistemi Sohbeti -2 <\/span><\/a><\/h1>\n<h1><span style=\"font-size: 20px;\"><a href=\"https:\/\/www.youtube.com\/watch?v=ZSkAzxtTYuk&amp;feature=youtu.be\">\u00a0 \u00a0 \u00a0 \u00a0 \u00a0&#8211; Prof. Dr. \u00c7a\u011flar \u00d6zel &#8211; Yarg. 19. C.D. Onursal Ba\u015fkan\u0131 Ramazan \u00d6zkepir &#8211; Ceza Sistemi Sohbeti -3<\/a><\/span><\/h1>\n<p><span style=\"font-size: 20px;\">\u00a0 \u00a0 \u00a0 \u00a0<strong> \u00a0SAHTEC\u0130L\u0130K SU\u00c7LARI<\/strong><\/span><\/p>\n<h1 class=\"title style-scope ytd-video-primary-info-renderer\"><a href=\"https:\/\/www.youtube.com\/watch?v=s6g_JKHYaCY&amp;feature=youtu.be\"><span style=\"font-size: 20px;\">\u00a0 \u00a0 \u00a0 \u00a0 &#8211; Prof. Dr. \u00c7a\u011flar \u00d6zel &#8211; Yarg. 19. C.D. Onursal Ba\u015fkan\u0131 Ramazan \u00d6zkepir &#8211; Sahtecilik Su\u00e7u &#8211; K\u0131s\u0131m 1<\/span><\/a><\/h1>\n<h1 class=\"title style-scope ytd-video-primary-info-renderer\"><a href=\"https:\/\/www.youtube.com\/watch?v=zVQgBCZeWH0&amp;feature=youtu.be\"><span style=\"font-size: 20px;\">\u00a0 \u00a0 \u00a0 \u00a0 &#8211; Prof. Dr. \u00c7a\u011flar \u00d6zel &#8211; Yarg. 19. C.D. Onursal Ba\u015fkan\u0131 Ramazan \u00d6zkepir &#8211; Sahtecilik Su\u00e7u &#8211; K\u0131s\u0131m 2<\/span><\/a><\/h1>\n<h1 class=\"title style-scope ytd-video-primary-info-renderer\"><a href=\"https:\/\/www.youtube.com\/watch?v=OOnaJLcUvms&amp;feature=youtu.be\"><span style=\"font-size: 20px;\">\u00a0 \u00a0 \u00a0 \u00a0 &#8211; Prof. Dr. \u00c7a\u011flar \u00d6zel &#8211; Yarg. 19. C.D. Onursal Ba\u015fkan\u0131 Ramazan \u00d6zkepir &#8211; Sahtecilik Su\u00e7u &#8211; K\u0131s\u0131m 3<\/span><\/a><\/h1>\n<h1 class=\"title style-scope ytd-video-primary-info-renderer\"><span style=\"font-size: 20px;\">\u00a0 \u00a0 \u00a0 \u00a0 \u00a0Z\u0130NC\u0130RLEME SU\u00c7<\/span><\/h1>\n<h1 class=\"title style-scope ytd-video-primary-info-renderer\"><span style=\"font-size: 20px;\"><a href=\"https:\/\/www.youtube.com\/watch?v=cuJE5mBT8sU&amp;feature=youtu.be\">\u00a0 \u00a0 \u00a0 \u00a0 &#8211; Prof. Dr. \u00c7a\u011flar \u00d6zel-Yarg. 19. CD Onursal Ba\u015fk. Ramazan \u00d6zkepir\/Zincirleme Su\u00e7<\/a><\/span><\/h1>\n<p><span style=\"font-size: 20px;\">\u00a0 \u00a0 \u00a0 \u00a0<strong> T\u00dcKET\u0130C\u0130N\u0130N KORUNMASI HUKUKU<\/strong><\/span><\/p>\n<h1 class=\"title style-scope ytd-video-primary-info-renderer\"><a href=\"https:\/\/www.youtube.com\/watch?v=Bazgb2poW1E\"><span style=\"font-size: 20px;\">\u00a0 \u00a0 \u00a0 \u00a0&#8211; Prof. Dr. \u00c7a\u011flar \u00d6zel-Yarg. 19. CD Onursal Ba\u015fk. Ramazan \u00d6zkepir-T\u00fcketicinin Korunmas\u0131 Hukuku<\/span><\/a>\u00a0<\/h1>\n<h1 class=\"title style-scope ytd-video-primary-info-renderer\">\u00a0 \u00a0<span style=\"font-size: 20px;\">\u00a0 \u00a0 KANUN YOLLARI-SOHBET 5<\/span><\/h1>\n<h1 class=\"title style-scope ytd-video-primary-info-renderer\"><a href=\"https:\/\/www.youtube.com\/watch?v=bmIgyEdgEvM\"><span style=\"font-size: 20px;\">\u00a0 \u00a0 \u00a0 \u00a0&#8211; Prof. Dr. \u00c7a\u011flar \u00d6zel-Yarg. 19. CD Onursal Ba\u015fk. Ramazan \u00d6zkepir &#8211; Kanun Yollar\u0131- Sohbet 5<\/span><\/a><\/h1>\n<h1 class=\"title style-scope ytd-video-primary-info-renderer\"><span style=\"font-size: 20px;\">\u00a0 \u00a0 \u00a0 \u00a0 HIRSIZLIKTA DE\u011eER AZLI\u011eI<\/span><\/h1>\n<h1 class=\"title style-scope ytd-video-primary-info-renderer\"><a href=\"https:\/\/www.youtube.com\/watch?v=watB2ZsGxEg&amp;feature=youtu.be\">\u00a0 &#8211;<span style=\"font-size: 20px;\"> Prof. Dr. \u00c7a\u011flar \u00d6zel-Yarg. 19. CD Onursal Ba\u015fk. Ramazan \u00d6zkepir &#8211; H\u0131rs\u0131zl\u0131kta De\u011fer Azl\u0131\u011f\u0131-Sohbet 6<\/span><\/a><\/h1>\n<h1>\u00a0 \u00a0 \u00a0 <span style=\"font-size: 20px;\">EVLAT ED\u0130NME<\/span><\/h1>\n<h1>\u00a0<a href=\"https:\/\/www.youtube.com\/watch?v=PsmSTWkbxAE&amp;feature=youtu.be\"> <span style=\"font-size: 20px;\">\u00a0 &#8211; Prof. Dr. \u00c7a\u011flar \u00d6zel-Yarg. 19. CD Onursal Ba\u015fk. Ramazan \u00d6zkepir &#8211; Evlat Edinme-Sohbet 7<\/span><\/a><\/h1>\n<h1>\u00a0 \u00a0 \u00a0 <span style=\"font-size: 20px;\">\u00a0F\u0130KR\u0130 VE SINA\u0130 M\u00dcLK\u0130YET SU\u00c7LARI<\/span><\/h1>\n<h1><a href=\"https:\/\/www.youtube.com\/watch?v=jwZUCVq8cnI&amp;feature=youtu.be\">\u00a0 \u00a0&#8211; <span style=\"font-size: 20px;\">Prof.Dr.\u00c7a\u011flar \u00d6zel-Yarg.19.CD Onursal Ba\u015fk. Ramazan \u00d6zkepir-Fikri ve S\u0131nai M\u00fclkiyet Su\u00e7lar\u0131-Sohbet8<\/span><\/a><\/h1>\n<h1>\u00a0 \u00a0 \u00a0<span style=\"font-size: 20px;\"><strong> \u00a0BASIN H\u00dcRR\u0130YET\u0130\u00a0\u00a0<\/strong><\/span><\/h1>\n<h1><span style=\"font-size: 20px; color: #000000;\"><strong>\u00a0 \u00a0 \u00a0 &#8211; <a href=\"https:\/\/www.youtube.com\/watch?v=ksIkACyPors&amp;feature=youtu.be\">Prof. Dr. \u00c7a\u011flar \u00d6zel &#8211; Yarg\u0131tay 19. CD Onursal Ba\u015fkan\u0131 Ramazan \u00d6zkepir \/ Bas\u0131n H\u00fcrriyeti<\/a><\/strong><\/span><\/h1>\n<h1><span style=\"font-size: 20px;\">\u00a0 \u00a0 \u00a0 \u00a0\u00a0<\/span><\/h1>\n<p>&nbsp;<\/p>\n<p>&nbsp;<\/p>\n","protected":false},"excerpt":{"rendered":"<p>\u00a0 \u00a0 \u00a0 \u00a0 \u00a0CEZA S\u0130STEM\u0130 \u00a0 \u00a0 \u00a0 \u00a0 \u00a0&#8211; Prof. Dr. \u00c7a\u011flar \u00d6zel &#8211; Yarg. 19. C.D. Onursal Ba\u015fkan\u0131 Ramazan \u00d6zkepir &#8211; Ceza Sistemi Sohbeti -1 \u00a0 \u00a0 \u00a0 \u00a0 \u00a0&#8211; Prof. Dr. \u00c7a\u011flar \u00d6zel &#8211; Yarg. 19. C.D. Onursal Ba\u015fkan\u0131 Ramazan \u00d6zkepir &#8211; Ceza Sistemi Sohbeti -2 \u00a0 \u00a0 \u00a0 \u00a0 \u00a0&#8211;&#8230;<\/p>\n","protected":false},"author":1,"featured_media":0,"parent":0,"menu_order":0,"comment_status":"closed","ping_status":"closed","template":"elementor_header_footer","meta":{"_kad_post_transparent":"","_kad_post_title":"","_kad_post_layout":"","_kad_post_sidebar_id":"","_kad_post_content_style":"","_kad_post_vertical_padding":"","_kad_post_feature":"","_kad_post_feature_position":"","_kad_post_header":false,"_kad_post_footer":false,"_kad_post_classname":"","footnotes":""},"class_list":["post-1076","page","type-page","status-publish","hentry"],"_links":{"self":[{"href":"https:\/\/ozelhukukburosu.com\/index.php?rest_route=\/wp\/v2\/pages\/1076","targetHints":{"allow":["GET"]}}],"collection":[{"href":"https:\/\/ozelhukukburosu.com\/index.php?rest_route=\/wp\/v2\/pages"}],"about":[{"href":"https:\/\/ozelhukukburosu.com\/index.php?rest_route=\/wp\/v2\/types\/page"}],"author":[{"embeddable":true,"href":"https:\/\/ozelhukukburosu.com\/index.php?rest_route=\/wp\/v2\/users\/1"}],"replies":[{"embeddable":true,"href":"https:\/\/ozelhukukburosu.com\/index.php?rest_route=%2Fwp%2Fv2%2Fcomments&post=1076"}],"version-history":[{"count":26,"href":"https:\/\/ozelhukukburosu.com\/index.php?rest_route=\/wp\/v2\/pages\/1076\/revisions"}],"predecessor-version":[{"id":1122,"href":"https:\/\/ozelhukukburosu.com\/index.php?rest_route=\/wp\/v2\/pages\/1076\/revisions\/1122"}],"wp:attachment":[{"href":"https:\/\/ozelhukukburosu.com\/index.php?rest_route=%2Fwp%2Fv2%2Fmedia&parent=1076"}],"curies":[{"name":"wp","href":"https:\/\/api.w.org\/{rel}","templated":true}]}}